
{"id":71,"date":"2021-08-18T23:45:46","date_gmt":"2021-08-18T23:45:46","guid":{"rendered":"https:\/\/comercializadoradesuministrosjc.com\/?page_id=71"},"modified":"2022-03-18T11:45:53","modified_gmt":"2022-03-18T11:45:53","slug":"genericos","status":"publish","type":"page","link":"https:\/\/comercializadoradesuministrosjc.com\/?page_id=71","title":{"rendered":"Gen\u00e9ricos"},"content":{"rendered":"<p>[et_pb_section fb_built=&#8221;1&#8243; _builder_version=&#8221;4.9.11&#8243; _module_preset=&#8221;default&#8221; custom_padding=&#8221;2px||3px|||&#8221; global_colors_info=&#8221;{}&#8221;][et_pb_row _builder_version=&#8221;4.10.5&#8243; _module_preset=&#8221;default&#8221; custom_margin=&#8221;|auto|0px|auto||&#8221; custom_padding=&#8221;10px||1px|||&#8221; global_colors_info=&#8221;{}&#8221;][et_pb_column type=&#8221;4_4&#8243; _builder_version=&#8221;4.9.11&#8243; _module_preset=&#8221;default&#8221; global_colors_info=&#8221;{}&#8221;][et_pb_text _builder_version=&#8221;4.10.5&#8243; text_font=&#8221;||||||||&#8221; text_font_size=&#8221;18px&#8221; text_line_height=&#8221;1.8em&#8221; header_font=&#8221;||||||||&#8221; header_text_color=&#8221;#969696&#8243; header_font_size=&#8221;19px&#8221; header_2_font=&#8221;Montserrat|700|||||||&#8221; header_2_text_color=&#8221;#969696&#8243; header_2_line_height=&#8221;1.4em&#8221; header_4_font_size=&#8221;13px&#8221; text_orientation=&#8221;center&#8221; max_width=&#8221;700px&#8221; module_alignment=&#8221;center&#8221; custom_margin=&#8221;13px|||0px|false|false&#8221; custom_padding=&#8221;|||0px|false|false&#8221; hover_enabled=&#8221;0&#8243; header_2_font_size_tablet=&#8221;38px&#8221; header_2_font_size_phone=&#8221;28px&#8221; header_2_font_size_last_edited=&#8221;on|phone&#8221; global_colors_info=&#8221;{}&#8221; sticky_enabled=&#8221;0&#8243;]<\/p>\n<h5 class=\"et_pb_module_header\" style=\"text-align: center;\"><strong><span style=\"color: #808080;\" data-darkreader-inline-color=\"\">Vis\u00edtenos en la Cra. 13 # 64 &#8211; 67 Local 102 CC Multicompras Chapinero, Bogot\u00e1 o solicite su domicilio al +601 4554542 o al +57 313 8624109<\/span><\/strong><\/h5>\n<p>[\/et_pb_text][\/et_pb_column][\/et_pb_row][\/et_pb_section][et_pb_section fb_built=&#8221;1&#8243; disabled_on=&#8221;off|off|off&#8221; admin_label=&#8221;Header&#8221; _builder_version=&#8221;4.9.11&#8243; background_color=&#8221;#FEEB1A&#8221; background_image=&#8221;http:\/\/comercializadoradesuministrosjc.com\/wp-content\/uploads\/2021\/08\/transportation-services-18.png&#8221; background_size=&#8221;initial&#8221; background_position=&#8221;bottom_left&#8221; background_blend=&#8221;multiply&#8221; global_colors_info=&#8221;{}&#8221;][et_pb_row _builder_version=&#8221;3.25&#8243; global_colors_info=&#8221;{}&#8221;][et_pb_column type=&#8221;4_4&#8243; _builder_version=&#8221;3.25&#8243; custom_padding=&#8221;|||&#8221; global_colors_info=&#8221;{}&#8221; custom_padding__hover=&#8221;|||&#8221;][et_pb_text ul_type=&#8221;circle&#8221; _builder_version=&#8221;4.9.11&#8243; text_font=&#8221;||||||||&#8221; text_text_color=&#8221;#000000&#8243; text_font_size=&#8221;18px&#8221; text_line_height=&#8221;2em&#8221; ul_font=&#8221;||||||||&#8221; ul_font_size=&#8221;18px&#8221; ul_line_height=&#8221;2em&#8221; header_font=&#8221;Montserrat|700|||||||&#8221; header_text_color=&#8221;#000000&#8243; header_font_size=&#8221;50px&#8221; header_line_height=&#8221;1.2em&#8221; text_orientation=&#8221;center&#8221; background_layout=&#8221;dark&#8221; custom_padding=&#8221;||0px|||&#8221; header_font_size_tablet=&#8221;40px&#8221; header_font_size_phone=&#8221;28px&#8221; header_font_size_last_edited=&#8221;on|phone&#8221; global_colors_info=&#8221;{}&#8221;]<\/p>\n<h1>Gen\u00e9ricos<\/h1>\n<p>Suministros gen\u00e9ricos para impresoras 100% garantizados.[\/et_pb_text][\/et_pb_column][\/et_pb_row][\/et_pb_section][et_pb_section fb_built=&#8221;1&#8243; admin_label=&#8221;About us&#8221; _builder_version=&#8221;3.22&#8243; custom_padding=&#8221;||29px|||&#8221; global_colors_info=&#8221;{}&#8221;][et_pb_row column_structure=&#8221;1_2,1_2&#8243; _builder_version=&#8221;3.25&#8243; global_colors_info=&#8221;{}&#8221;][et_pb_column type=&#8221;1_2&#8243; _builder_version=&#8221;3.25&#8243; custom_padding=&#8221;|||&#8221; global_colors_info=&#8221;{}&#8221; custom_padding__hover=&#8221;|||&#8221;][et_pb_text _builder_version=&#8221;4.9.11&#8243; text_font=&#8221;||||||||&#8221; text_font_size=&#8221;16px&#8221; text_line_height=&#8221;2em&#8221; header_font=&#8221;||||||||&#8221; header_2_font=&#8221;Montserrat|700|||||||&#8221; header_2_font_size=&#8221;36px&#8221; header_2_line_height=&#8221;1.4em&#8221; max_width=&#8221;700px&#8221; module_alignment=&#8221;center&#8221; custom_margin=&#8221;39px|||||&#8221; header_2_font_size_tablet=&#8221;26px&#8221; header_2_font_size_phone=&#8221;20px&#8221; header_2_font_size_last_edited=&#8221;on|phone&#8221; locked=&#8221;off&#8221; global_colors_info=&#8221;{}&#8221;]<\/p>\n<h2>La mejor relaci\u00f3n costo beneficio<\/h2>\n<p>[\/et_pb_text][\/et_pb_column][et_pb_column type=&#8221;1_2&#8243; _builder_version=&#8221;3.25&#8243; custom_padding=&#8221;|||&#8221; global_colors_info=&#8221;{}&#8221; custom_padding__hover=&#8221;|||&#8221;][et_pb_image src=&#8221;http:\/\/comercializadoradesuministrosjc.com\/wp-content\/uploads\/2021\/08\/genericosjc.png&#8221; title_text=&#8221;genericosjc&#8221; _builder_version=&#8221;4.9.11&#8243; _module_preset=&#8221;default&#8221; width=&#8221;70%&#8221; module_alignment=&#8221;center&#8221; global_colors_info=&#8221;{}&#8221;][\/et_pb_image][\/et_pb_column][\/et_pb_row][\/et_pb_section][et_pb_section fb_built=&#8221;1&#8243; _builder_version=&#8221;4.9.11&#8243; custom_padding=&#8221;19px|0px|101px|0px|false|false&#8221; global_colors_info=&#8221;{}&#8221;][et_pb_row disabled_on=&#8221;on|on|on&#8221; _builder_version=&#8221;4.9.11&#8243; disabled=&#8221;on&#8221; locked=&#8221;off&#8221; global_colors_info=&#8221;{}&#8221;][et_pb_column type=&#8221;4_4&#8243; _builder_version=&#8221;3.25&#8243; custom_padding=&#8221;|||&#8221; global_colors_info=&#8221;{}&#8221; custom_padding__hover=&#8221;|||&#8221;][et_pb_tabs active_tab_background_color=&#8221;#FEEB1A&#8221; inactive_tab_background_color=&#8221;rgba(0,0,0,0.2)&#8221; _builder_version=&#8221;4.9.11&#8243; tab_text_color=&#8221;#f7f7f7&#8243; body_font=&#8221;||||||||&#8221; body_font_size=&#8221;16px&#8221; body_line_height=&#8221;2em&#8221; tab_font=&#8221;Montserrat|700|||||||&#8221; tab_font_size=&#8221;16px&#8221; tab_line_height=&#8221;49.8px&#8221; background_color=&#8221;rgba(255,255,255,0)&#8221; custom_margin=&#8221;|||&#8221; custom_padding=&#8221;40px|0px|40px|0px|true|true&#8221; custom_css_tab=&#8221;border: none;&#8221; border_width_all=&#8221;0px&#8221; global_colors_info=&#8221;{}&#8221;][et_pb_tab title=&#8221;Lorem ipsum&#8221; _builder_version=&#8221;4.9.11&#8243; global_colors_info=&#8221;{}&#8221;]Lorem ipsum dolor sit amet, consectetur adipiscing elit. Morbi dignissim eget ligula vel commodo. Praesent ipsum nisl, posuere vel nibh nec, euismod pharetra risus. Morbi ultrices laoreet dictum. Praesent bibendum viverra varius. In hendrerit lacinia dui, in sagittis magna viverra a. Curabitur commodo placerat sapien, ut gravida diam rhoncus id.<\/p>\n<p>Praesent sed lobortis orci. Cras a magna facilisis, tempus velit sit amet, mollis ligula. Morbi dignissim ut nisi sit amet sollicitudin. Integer convallis tellus at sodales dignissim. Nunc ut scelerisque lectus, non maximus dui. Integer molestie non neque et dapibus. Morbi turpis ante, pellentesque a tempus eu, sollicitudin eget purus. Vivamus a erat vel ipsum luctus consectetur. Phasellus tincidunt, enim sed ornare sodales, sem urna elementum tortor, eu tincidunt lorem ex ac ex. Sed sagittis ipsum ligula, non vestibulum nibh fringilla et. Aliquam laoreet sapien imperdiet, tempus mi dapibus, egestas quam. Aenean sit amet vulputate ligula.[\/et_pb_tab][et_pb_tab title=&#8221;Lorem ipsum&#8221; _builder_version=&#8221;4.9.11&#8243; global_colors_info=&#8221;{}&#8221;]Lorem ipsum dolor sit amet, consectetur adipiscing elit. Morbi dignissim eget ligula vel commodo. Praesent ipsum nisl, posuere vel nibh nec, euismod pharetra risus. Morbi ultrices laoreet dictum. Praesent bibendum viverra varius. In hendrerit lacinia dui, in sagittis magna viverra a. Curabitur commodo placerat sapien, ut gravida diam rhoncus id.<\/p>\n<p>Praesent sed lobortis orci. Cras a magna facilisis, tempus velit sit amet, mollis ligula. Morbi dignissim ut nisi sit amet sollicitudin. Integer convallis tellus at sodales dignissim. Nunc ut scelerisque lectus, non maximus dui. Integer molestie non neque et dapibus. Morbi turpis ante, pellentesque a tempus eu, sollicitudin eget purus. Vivamus a erat vel ipsum luctus consectetur. Phasellus tincidunt, enim sed ornare sodales, sem urna elementum tortor, eu tincidunt lorem ex ac ex. Sed sagittis ipsum ligula, non vestibulum nibh fringilla et. Aliquam laoreet sapien imperdiet, tempus mi dapibus, egestas quam. Aenean sit amet vulputate ligula.[\/et_pb_tab][et_pb_tab title=&#8221;Lorem ipsum&#8221; _builder_version=&#8221;4.9.11&#8243; global_colors_info=&#8221;{}&#8221;]Lorem ipsum dolor sit amet, consectetur adipiscing elit. Morbi dignissim eget ligula vel commodo. Praesent ipsum nisl, posuere vel nibh nec, euismod pharetra risus. Morbi ultrices laoreet dictum. Praesent bibendum viverra varius. In hendrerit lacinia dui, in sagittis magna viverra a. Curabitur commodo placerat sapien, ut gravida diam rhoncus id.<\/p>\n<p>Praesent sed lobortis orci. Cras a magna facilisis, tempus velit sit amet, mollis ligula. Morbi dignissim ut nisi sit amet sollicitudin. Integer convallis tellus at sodales dignissim. Nunc ut scelerisque lectus, non maximus dui. Integer molestie non neque et dapibus. Morbi turpis ante, pellentesque a tempus eu, sollicitudin eget purus. Vivamus a erat vel ipsum luctus consectetur. Phasellus tincidunt, enim sed ornare sodales, sem urna elementum tortor, eu tincidunt lorem ex ac ex. Sed sagittis ipsum ligula, non vestibulum nibh fringilla et. Aliquam laoreet sapien imperdiet, tempus mi dapibus, egestas quam. Aenean sit amet vulputate ligula.[\/et_pb_tab][\/et_pb_tabs][\/et_pb_column][\/et_pb_row][et_pb_row _builder_version=&#8221;4.9.11&#8243; _module_preset=&#8221;default&#8221; global_colors_info=&#8221;{}&#8221;][et_pb_column type=&#8221;4_4&#8243; _builder_version=&#8221;4.9.11&#8243; _module_preset=&#8221;default&#8221; global_colors_info=&#8221;{}&#8221;][et_pb_shop type=&#8221;product_category&#8221; posts_number=&#8221;50&#8243; include_categories=&#8221;29&#8243; orderby=&#8221;menu_order&#8221; _builder_version=&#8221;4.9.11&#8243; _module_preset=&#8221;default&#8221; title_font=&#8221;|700||on|||||&#8221; title_text_align=&#8221;center&#8221; global_colors_info=&#8221;{}&#8221;][\/et_pb_shop][\/et_pb_column][\/et_pb_row][\/et_pb_section]<\/p>\n","protected":false},"excerpt":{"rendered":"<p>Vis\u00edtenos en la Cra. 13 # 64 &#8211; 67 Local 102 CC Multicompras Chapinero, Bogot\u00e1 o solicite su domicilio al +601 4554542 o al +57 313 8624109Gen\u00e9ricos Suministros gen\u00e9ricos para impresoras 100% garantizados.La mejor relaci\u00f3n costo beneficioLorem ipsum dolor sit amet, consectetur adipiscing elit. Morbi dignissim eget ligula vel commodo. Praesent ipsum nisl, posuere vel [&hellip;]<\/p>\n","protected":false},"author":1,"featured_media":0,"parent":0,"menu_order":0,"comment_status":"closed","ping_status":"closed","template":"","meta":{"_et_pb_use_builder":"on","_et_pb_old_content":"<!-- wp:divi\/placeholder \/-->","_et_gb_content_width":"","_joinchat":[],"footnotes":""},"class_list":["post-71","page","type-page","status-publish","hentry"],"aioseo_notices":[],"_links":{"self":[{"href":"https:\/\/comercializadoradesuministrosjc.com\/index.php?rest_route=\/wp\/v2\/pages\/71","targetHints":{"allow":["GET"]}}],"collection":[{"href":"https:\/\/comercializadoradesuministrosjc.com\/index.php?rest_route=\/wp\/v2\/pages"}],"about":[{"href":"https:\/\/comercializadoradesuministrosjc.com\/index.php?rest_route=\/wp\/v2\/types\/page"}],"author":[{"embeddable":true,"href":"https:\/\/comercializadoradesuministrosjc.com\/index.php?rest_route=\/wp\/v2\/users\/1"}],"replies":[{"embeddable":true,"href":"https:\/\/comercializadoradesuministrosjc.com\/index.php?rest_route=%2Fwp%2Fv2%2Fcomments&post=71"}],"version-history":[{"count":17,"href":"https:\/\/comercializadoradesuministrosjc.com\/index.php?rest_route=\/wp\/v2\/pages\/71\/revisions"}],"predecessor-version":[{"id":439,"href":"https:\/\/comercializadoradesuministrosjc.com\/index.php?rest_route=\/wp\/v2\/pages\/71\/revisions\/439"}],"wp:attachment":[{"href":"https:\/\/comercializadoradesuministrosjc.com\/index.php?rest_route=%2Fwp%2Fv2%2Fmedia&parent=71"}],"curies":[{"name":"wp","href":"https:\/\/api.w.org\/{rel}","templated":true}]}}